r of y and b?
7
Let m be (-1449)/(-77) + (-2)/(-11). Let v = 34 - m. Calculate the greatest common factor of v and 30.
15
Let z(t) = t**3 + t**2 - 4*t - 6. Let y(w) = -w**3 + 4*w + 5. Let v(l) = -4*y(l) - 3*z(l). Let q be v(5). What is the greatest common divisor of 7 and q?
7
Let b be 0 + 1*1*2. Let y(u) = u**3 - 5*u**2 - 13*u - 6. Let c be y(7). Let z be 19/c - b/(-1). What is the greatest common factor of 14 and z?
7
Suppose 0 = -s + 5*x + 130, -s + 2*x = 3*x - 154. What is the highest common divisor of 60 and s?
30
Let c be 122/10 - (-3)/(-15). Let x(k) = 6*k**2 - 4*k + 4. Let l be x(4). Calculate the greatest common factor of c and l.
12
Let z(u) = -u + 5. Let n = -1 - -1. Let r be z(n). Suppose -r*f + 2 = -83. Calculate the greatest common factor of 34 and f.
17
Let y be 52/39*15/2. Let u be 10/4*(2 + 0). Suppose -d + 2*m + 88 = 0, u*d - 323 = -2*m + 129. Calculate the highest common divisor of d and y.
10
Suppose 0 = -4*z + 5*u + 7, 35 = 5*z - 0*u - u. Let w(a) = -a + 1. Let m be w(-9). Let c be (-1)/(-5) + 158/m. Calculate the highest common divisor of z and c.
8
Let b(d) = 10*d - 3. Let u be b(3). Suppose -3*v = -2 + 5. Let q = v - -4. Calculate the highest common factor of q and u.
3
Let h = -587 - -1105. Suppose -4*m + h = -458. Let d = m - 44. What is the greatest common factor of 20 and d?
20
Let w = 4 + 7. Calculate the greatest common divisor of 22 and w.
11
Let y be 124/10 - (-3)/5. Let d be (-2 + y + -2)*7. Calculate the highest common factor of 7 and d.
7
Let n = 90 - 66. Calculate the greatest common factor of n and 4.
4
Let c = -52 + 54. Calculate the highest common divisor of c and 22.
2
Suppose -5*w = 4*d - 384, 4*w + d = 5*d + 336. Calculate the greatest common factor of 32 and w.
16
Let h be (-4)/(-18) + (-392)/(-18). Suppose 0 = -s + 3*s - 2*d - 6, 2*s - 5*d = 6. Let x be (-1)/1 - (s + -59). What is the greatest common factor of x and h?
11
Let z = 4 - 3. Let x be (z - 0 - 0)*2. Let k be (-66)/(-9)*3/x. Calculate the highest common factor of k and 99.
11
Suppose -i = -4*i + 225. Let v = -3 + 7. Suppose -3*a = -v*j + 66, 2*j - a + 4*a - 24 = 0. Calculate the highest common factor of i and j.
15
Suppose -39 - 77 = -2*g. Suppose 2*z - 10 = 7*z. Let p = g + z. What is the greatest common divisor of p and 8?
8
Let z = -160 + 112. Let v = 103 + z. Calculate the greatest common factor of 22 and v.
11
Let m = -10 - -36. Suppose -5*a - m + 226 = 0. Calculate the greatest common divisor of a and 16.
8
Suppose 3*h + 5*u + 3 = h, 0 = 2*h - 2*u - 18. Let k be h/9 - 7/(-21). Calculate the highest common factor of 6 and k.
1
Let t be 8*12/40*80. What is the greatest common factor of 24 and t?
24
Suppose 2*a + 12 + 2 = 4*x, -20 = -4*x + 4*a. Let b be x - (2 - 42) - -2. Calculate the highest common factor of 4 and b.
4
Let v = 6 - 5. Suppose -v - 7 = -b. Let j(y) = -6*y - 12. Let n be j(-14). What is the greatest common divisor of b and n?
8
Suppose 0 = 7*k - 2*k. Suppose 0 = 4*l - l. Let t be (-2 - l) + k - -14. Calculate the greatest common divisor of 84 and t.
12
Suppose 15 - 3 = -2*i. Let v(o) = -o**3 - 6*o**2 - 2*o - 9. Let q be v(i). Calculate the highest common divisor of 33 and q.
3
Let n(r) = r**3 + 8*r**2 + 7*r + 3. Let f be n(-6). Suppose -13*b + 171 = -115. What is the greatest common divisor of f and b?
11
Let r be (-76)/(-12) + (-2)/6. Let t be 2 + r + (0 - -3). What is the highest common divisor of t and 33?
11
Suppose 0 = -4*b - 2*b + 150. What is the highest common divisor of b and 5?
5
Suppose 3*s - 96 = -4*f + 290, -5*f + 479 = 2*s. Let q = 49 + -30. Calculate the greatest common factor of q and f.
19
Let g = 3 - 8. Let a(n) = n**2 + 3*n - 2. Let p be a(g). Let w(j) = 2*j**2. Let m be w(-2). Calculate the greatest common divisor of m and p.
8
Let v = 57 + -39. Suppose 3*t + 3*q - 129 = 81, -2*t + 146 = -q. Calculate the highest common divisor of v and t.
18
Let o(f) = f**2 + 3*f - 9. Let d be o(-6). Suppose 3*h - 2*h = 0. Suppose h = -0*r - r + 9. What is the greatest common factor of d and r?
9
Let u(c) = -c**3 + 9*c**2 + 2*c - 9. Let r be u(9). Let l be ((-18)/4)/(r/(-12)). Calculate the greatest common factor of l and 24.
6
Let n be 32/6 - (-2)/3. Let u be 1 + (0/(-2) - -7). Let z(a) = 5*a + 2. Let h be z(u). What is the highest common factor of n and h?
6
Let x(t) be the second derivative of t**4/12 + t**3/2 + 3*t**2 + 2*t. Let b be x(-5). What is the greatest common divisor of b and 4?
4
Let y be (6/4)/(2/12). Let r(u) = -14*u**2 + 6*u**2 - 4 - y*u + 7*u**2. Let p be r(-6). What is the highest common factor of 2 and p?
2
Let o(z) = -7 + 4*z**2 - 4*z + z + 0*z - 3*z**2. Let b be o(5). What is the greatest common divisor of b and 9?
3
Suppose -2*s - 3 = -5*s. Let i(j) = 71*j**2 + j. Let g be i(s). What is the greatest common factor of 18 and g?
18
Suppose 5*g - 2*j - 22 = 4*g, -4*j = 5*g - 166. Suppose -11*i - 24 = -13*i. Calculate the greatest common factor of g and i.
6
Suppose 0 = y + 5*v - 88, -4*y + 5*v + 174 = -78. Let p = 15 + -8. Let u(t) = -t**2 + 9*t + 3. Let x be u(p). What is the highest common factor of y and x?
17
Suppose i - 82 = -0*i. Let d be i/12 - 19/(-114). What is the highest common divisor of 56 and d?
7
Suppose 5*r - 4 = 2*t + 1, 3*t + 4*r - 27 = 0. Suppose t*i - 96 = -3*v, 3*i - 3*v - 56 = -4*v. What is the greatest common factor of i and 45?
9
Suppose -5 - 1 = -2*a. Let m = -6 + 17. Suppose -2*o + m = u, 5*o = 5*u - 5 - 5. Calculate the greatest common divisor of o and a.
3
Let t be -87 + -3 + 2 + 1. Let f = -47 - t. Calculate the greatest common divisor of 16 and f.
8
Let v(a) = a - 19. Let m be v(0). Let c be (-1 - m)*(-3)/(-6). What is the highest common divisor of c and 9?
9
Let p be (-1)/2*0 - -50. Let g = p - 6. Let u = -29 + g. Calculate the greatest common factor of u and 120.
15
Suppose 15 + 0 = 5*d. Suppose d*c = 5*c - 350. Suppose -5*q - c = -4*a, 171 + 84 = 5*a + q. What is the greatest common divisor of 5 and a?
5
Let t(p) = -p**2 + 7*p - 9. Let r be t(6). Let y be (r - -2)*2 + 34. What is the highest common factor of 16 and y?
16
Let z(m) = m + 5. Let h be z(0). Suppose h*q + 3*c - 183 = 2*c, -4*c = -12. What is the highest common divisor of 24 and q?
12
Let y(u) = u**3 - 6*u**2 - 2*u + 9. Let b be y(6). Let q(h) = -15*h + 4. Let c be q(b). Calculate the greatest common factor of c and 7.
7
Let k(r) = -r**3 + 7*r**2 - 10*r + 1. Let w be k(4). Calculate the greatest common factor of 1 and w.
1
Let u be (24/16)/((-2)/(-16)). What is the greatest common factor of 84 and u?
12
Suppose 3*c - 20 = -0*c - u, 5*u + 20 = 5*c. What is the highest common divisor of 42 and c?
6
Suppose 5*l - 45 = 4*p, -l + 5*p + 22 = -8. Suppose -l*i + 120 = -2*i. Calculate the highest common factor of 10 and i.
10
Let q be ((2 - 5) + -9)*26/(-4). What is the highest common factor of 6 and q?
6
Suppose 6*a - a = 120. Let s(c) = 3*c**3 + 1. Let z be s(-1). Let j = 4 - z. What is the highest common divisor of j and a?
6
Let v(b) = -b**3 + 8*b**2 - b - 10. Let g be v(7). Let o(l) = l**3 - 2*l**2 - l - 2. Let x be o(3). Calculate the greatest common factor of x and g.
4
Let s(o) = 3*o - 3. Let d be s(5). What is the greatest common divisor of 18 and d?
6
Let p be -1*((-3)/(-1) + -10). Let w be (0/(-1) - 1) + -9. Let h be 2/1 - w/2. Calculate the greatest common factor of p and h.
7
Suppose -20 = 3*y + 2*y. Let h be y/(-8) - 70/(-4). Let t = h + -9. Calculate the greatest common factor of t and 45.
9
Let h be (2 + 6/(-4))*4. Let d(m) = -8*m - 14. Let f(t) = 7*t + 13. Let u(n) = 5*d(n) + 6*f(n). Let v be u(7). Calculate the greatest common divisor of h and v.
2
Let i(r) = r**3 + 2*r**2 - 5*r - 2. Let j be i(-3). Suppose 4*z + 8 = -j. Let l be (11/3)/((-1)/z). What is the highest common factor of 33 and l?
11
Suppose 55*n - 51*n = 180. What is the highest common divisor of n and 18?
9
Let l be 2*1*(3 - 1). Let j be 12/(-8)*32/(-6). Calculate the highest common divisor of j and l.
4
Let h be (2 - 191)*14/(-21). Suppose h = 6*p - 5*p. What is the greatest common factor of p and 14?
14
Let r be (-16)/(-3)*(-42)/(-8). Let y = 41 - r. Let p be 1*25 + (-1 - -2). Calculate the highest common divisor of y and p.
13
Let g be 3 - ((-3)/3 + -1). Suppose 0*y + g*y - 140 = 0. What is the greatest common divisor of y an